{"id":586,"date":"2018-07-08T12:48:56","date_gmt":"2018-07-08T09:48:56","guid":{"rendered":"http:\/\/sektorturk.com\/?page_id=586"},"modified":"2024-02-13T03:23:16","modified_gmt":"2024-02-13T00:23:16","slug":"reklam-ucretlendirme","status":"publish","type":"page","link":"https:\/\/tr.sektorturk.com\/?page_id=586","title":{"rendered":"REKLAM &#8211; \u00dcCRETLEND\u0130RME"},"content":{"rendered":"<p><strong>YOUTUBE\u00a0 TV &#8211; V\u0130DEOLARIN \u0130\u00c7\u0130NDEK\u0130LER\u00a0<\/strong><\/p>\n<p>15 DK\u00a0 :\u00a0 2.500 TL + KDV<\/p>\n<p>25 DK\u00a0 : 4.150 TL\u00a0 + KDV<\/p>\n<p>40 DK :\u00a0 6.640 TL + KDV<\/p>\n<p>60 DK : 9.960 TL\u00a0 + KDV<\/p>\n<p><strong>:: D\u0130\u011eER REKLAM ARA\u00c7LARI<\/strong><\/p>\n<p>&#8212;&#8212;&#8212;&#8212;&#8212;&#8212;&#8212;&#8212;&#8212;&#8212;&#8212;&#8212;&#8212;&#8212;&#8212;&#8212;&#8212;&#8212;&#8212;&#8212;&#8212;&#8212;&#8212;&#8212;&#8212;&#8212;&#8212;&#8212;&#8212;&#8212;&#8212;&#8212;&#8212;<\/p>\n<ul>\n<li>HABER\u00a0 \/ ROPORTAJ HABER YAYINLAMA\u00a0 ( YILLIK )<\/li>\n<li>SOSYAL MEDYA PAYLA\u015eIM<\/li>\n<li>E-DERG\u0130 HABER EKLEME<\/li>\n<li>LOGO EKLEME<\/li>\n<li>10.000 G\u00d6STER\u0130M BANNER 300 X 250<\/li>\n<\/ul>\n<h2 style=\"text-align: left;\"><strong>FIYATI :\u00a0 11.250 TL \/ YILLIK<\/strong><\/h2>\n<p><strong>BANNER \u00d6L\u00c7\u00dc F\u0130YATLARI<\/strong><\/p>\n<p>\u00dcST SA\u011e B\u00dcY\u00dcK BANNER\u00a0 \u00a0:\u00a0 \u00a0 <strong>5.000<\/strong> TL \/ AYLIK<\/p>\n<p><strong>SA\u011e BANNER\u00a0 \u00a0 \u00a0 \u00a0 \u00a0 \u00a0 \u00a0 \u00a0 \u00a0 \u00a0 \u00a0 \u00a0 \u00a0:\u00a0 \u00a0 3.750\u00a0 \u00a0TL \/ AYLIK<\/strong><\/p>\n<p><strong>HABER ALT REKLAM\u00a0 \u00a0 \u00a0 \u00a0 \u00a0 \u00a0 \u00a0:\u00a0 \u00a0 4 .400\u00a0 \u00a0 TL \/ AYLIK<\/strong><\/p>\n<p><strong>Size \u00f6zel reklam \u00e7\u00f6z\u00fcm \u00f6nerileriz i\u00e7in l\u00fctfen ileti\u015fime ge\u00e7in ;<\/strong><\/p>\n<p><strong>M\u00fc\u015fteri Temsilcisi\u00a0 :\u00a0 Cevdet Akif USTA\u00a0 &#8211; 0 532 466 60 68<\/strong><\/p>\n","protected":false},"excerpt":{"rendered":"<p>YOUTUBE\u00a0 TV &#8211; V\u0130DEOLARIN \u0130\u00c7\u0130NDEK\u0130LER\u00a0 15 DK\u00a0 :\u00a0 2.500 TL + KDV 25 DK\u00a0 : 4.150 TL\u00a0 + KDV 40 DK :\u00a0 6.640 TL + KDV 60 DK : 9.960 TL\u00a0 + KDV :: D\u0130\u011eER REKLAM ARA\u00c7LARI &#8212;&#8212;&#8212;&#8212;&#8212;&#8212;&#8212;&#8212;&#8212;&#8212;&#8212;&#8212;&#8212;&#8212;&#8212;&#8212;&#8212;&#8212;&#8212;&#8212;&#8212;&#8212;&#8212;&#8212;&#8212;&#8212;&#8212;&#8212;&#8212;&#8212;&#8212;&#8212;&#8212; HABER\u00a0 \/ ROPORTAJ HABER YAYINLAMA\u00a0 ( YILLIK ) SOSYAL MEDYA PAYLA\u015eIM E-DERG\u0130 HABER EKLEME LOGO EKLEME 10.000 G\u00d6STER\u0130M BANNER 300 X 250 FIYATI :\u00a0 11.250 TL \/ YILLIK BANNER \u00d6L\u00c7\u00dc F\u0130YATLARI \u00dcST SA\u011e B\u00dcY\u00dcK BANNER\u00a0 \u00a0:\u00a0 \u00a0 5.000 TL \/ AYLIK SA\u011e BANNER\u00a0 \u00a0 \u00a0 \u00a0 \u00a0 \u00a0 \u00a0 \u00a0 \u00a0 \u00a0 \u00a0 \u00a0 \u00a0:\u00a0 \u00a0 3.750\u00a0 \u00a0TL \/ AYLIK HABER ALT REKLAM\u00a0 \u00a0 \u00a0 \u00a0 \u00a0 \u00a0 \u00a0:\u00a0 \u00a0 4 .400\u00a0 \u00a0 TL \/ AYLIK Size \u00f6zel reklam \u00e7\u00f6z\u00fcm \u00f6nerileriz i\u00e7in l\u00fctfen ileti\u015fime ge\u00e7in ; M\u00fc\u015fteri Temsilcisi\u00a0 :\u00a0 Cevdet Akif USTA\u00a0 &#8211; 0 532 466 60 68<\/p>\n","protected":false},"author":2,"featured_media":0,"parent":0,"menu_order":0,"comment_status":"closed","ping_status":"closed","template":"","meta":{"footnotes":""},"class_list":["post-586","page","type-page","status-publish","hentry"],"_links":{"self":[{"href":"https:\/\/tr.sektorturk.com\/index.php?rest_route=\/wp\/v2\/pages\/586","targetHints":{"allow":["GET"]}}],"collection":[{"href":"https:\/\/tr.sektorturk.com\/index.php?rest_route=\/wp\/v2\/pages"}],"about":[{"href":"https:\/\/tr.sektorturk.com\/index.php?rest_route=\/wp\/v2\/types\/page"}],"author":[{"embeddable":true,"href":"https:\/\/tr.sektorturk.com\/index.php?rest_route=\/wp\/v2\/users\/2"}],"replies":[{"embeddable":true,"href":"https:\/\/tr.sektorturk.com\/index.php?rest_route=%2Fwp%2Fv2%2Fcomments&post=586"}],"version-history":[{"count":11,"href":"https:\/\/tr.sektorturk.com\/index.php?rest_route=\/wp\/v2\/pages\/586\/revisions"}],"predecessor-version":[{"id":2125,"href":"https:\/\/tr.sektorturk.com\/index.php?rest_route=\/wp\/v2\/pages\/586\/revisions\/2125"}],"wp:attachment":[{"href":"https:\/\/tr.sektorturk.com\/index.php?rest_route=%2Fwp%2Fv2%2Fmedia&parent=586"}],"curies":[{"name":"wp","href":"https:\/\/api.w.org\/{rel}","templated":true}]}}