{"id":450,"date":"2018-03-06T00:37:32","date_gmt":"2018-03-05T22:37:32","guid":{"rendered":"http:\/\/sektorturk.com\/?page_id=450"},"modified":"2018-03-06T00:39:58","modified_gmt":"2018-03-05T22:39:58","slug":"bildiri","status":"publish","type":"page","link":"https:\/\/tr.sektorturk.com\/?page_id=450","title":{"rendered":"Bildiri"},"content":{"rendered":"<p><strong>YAZILARDAK\u0130 OLUMSUZLUKLARI B\u0130ZLERE B\u0130LD\u0130R\u0130N ..<\/strong><\/p>\n<p><!-- www.123formbuilder.com script begins here --><br \/>\n<script type=\"text\/javascript\" defer src=\"\/\/www.123formbuilder.com\/embed\/3505124.js\" data-role=\"form\" data-default-width=\"650px\"><\/script><\/p>\n<p>Powered by <a class=\"footerLink13\" title=\"123FormBuilder\" href=\"https:\/\/www.123formbuilder.com\">123FormBuilder<\/a>\u00a0|\u00a0<a style=\"font-size:small!important;color:#000000!important; text-decoration:underline!important;\" title=\"Looks like phishing? Report it!\" href=\"http:\/\/www.123formbuilder.com\/sfnew.php?s=123contactform-52&#038;control119314=\/\/\/contact-form--3505124.html&#038;control190=Report%20abuse\" rel=\"nofollow\">Report abuse<\/a><\/p>\n<p><!-- www.123formbuilder.com script ends here --><\/p>\n","protected":false},"excerpt":{"rendered":"<p>YAZILARDAK\u0130 OLUMSUZLUKLARI B\u0130ZLERE B\u0130LD\u0130R\u0130N .. Powered by 123FormBuilder\u00a0|\u00a0Report abuse<\/p>\n","protected":false},"author":2,"featured_media":0,"parent":169,"menu_order":4,"comment_status":"closed","ping_status":"closed","template":"","meta":{"footnotes":""},"class_list":["post-450","page","type-page","status-publish","hentry"],"_links":{"self":[{"href":"https:\/\/tr.sektorturk.com\/index.php?rest_route=\/wp\/v2\/pages\/450","targetHints":{"allow":["GET"]}}],"collection":[{"href":"https:\/\/tr.sektorturk.com\/index.php?rest_route=\/wp\/v2\/pages"}],"about":[{"href":"https:\/\/tr.sektorturk.com\/index.php?rest_route=\/wp\/v2\/types\/page"}],"author":[{"embeddable":true,"href":"https:\/\/tr.sektorturk.com\/index.php?rest_route=\/wp\/v2\/users\/2"}],"replies":[{"embeddable":true,"href":"https:\/\/tr.sektorturk.com\/index.php?rest_route=%2Fwp%2Fv2%2Fcomments&post=450"}],"version-history":[{"count":3,"href":"https:\/\/tr.sektorturk.com\/index.php?rest_route=\/wp\/v2\/pages\/450\/revisions"}],"predecessor-version":[{"id":453,"href":"https:\/\/tr.sektorturk.com\/index.php?rest_route=\/wp\/v2\/pages\/450\/revisions\/453"}],"up":[{"embeddable":true,"href":"https:\/\/tr.sektorturk.com\/index.php?rest_route=\/wp\/v2\/pages\/169"}],"wp:attachment":[{"href":"https:\/\/tr.sektorturk.com\/index.php?rest_route=%2Fwp%2Fv2%2Fmedia&parent=450"}],"curies":[{"name":"wp","href":"https:\/\/api.w.org\/{rel}","templated":true}]}}